i + 9833. Is o(-8) composite?
True
Suppose 5*u - 828275 = -2*g, -g - 444835 = -4*u + 217772. Is u prime?
True
Let l = 91483 + -196771. Let v be l/(-22) + (4 - 84/22). Suppose -v = -4*x + 10682. Is x prime?
False
Suppose 10644 = -f - f. Let w be ((-44)/8 + 6)/((-1)/f). Let j = w + -1243. Is j a prime number?
False
Let u(m) be the third derivative of m**7/140 - 13*m**6/720 + m**5/20 - 15*m**4/8 + 7*m**2 + 1. Let s(o) be the second derivative of u(o). Is s(5) composite?
True
Let o(h) = -817*h**3 - 2*h**2 - 3*h - 1. Let y be o(-1). Suppose -7180 - y = -11*t. Is t composite?
False
Let v = -706609 - -1286340. Is v prime?
False
Suppose 550*q + 893907 = 613*q. Is q prime?
False
Suppose -q = -4*i + 15 + 1, -3*i = -q - 16. Let l(r) = -r - 11. Let a be l(q). Suppose a*u = u + 296. Is u prime?
False
Suppose 5*u = 2*u + 5526. Let f = 1892 + u. Let g = 5233 - f. Is g composite?
False
Let d(x) = 716*x - 3403. Is d(66) a prime number?
True
Let z(x) = 59*x**2 - 36*x - 10. Let g be z(-8). Is g - ((-40)/(-24))/((-3)/(-9)) a composite number?
False
Suppose 45 = 12*r - 15. Suppose 200 = 3*o - a, -5*o - r*a - 350 = -10*o. Is (-8)/(-52) - (-148905)/o prime?
False
Let d = -462109 + 799706. Is d composite?
True
Is (24/(-240) - 2/4)/((-5)/134825) a composite number?
True
Let h(j) = 13*j - 71. Let c be h(8). Suppose 64456 = c*w + 23*w. Is w a composite number?
False
Let o be 2*(0 + (-2 - 1 - 2410)). Let x = 6759 + o. Let a = -1164 + x. Is a a composite number?
False
Suppose 239*n = 242*n - 21. Let m(g) = 12*g**3 + 8*g**2 + 11*g - 24. Is m(n) prime?
True
Suppose -z = z. Let p be (10/(-4) + 2)/((-9)/18). Suppose d + p = -z, -5*d = b - 116. Is b prime?
False
Let c(u) = u**3 + 10*u**2 - 11*u + 5. Let z be c(-10). Let l be (1108/10)/(23/z). Suppose -5*i = -4*i - l. Is i composite?
True
Suppose -20 = -3*i - i, 3*i = 4*d + 103. Is (-23486)/d + 324/(-594) a composite number?
True
Let m(a) = -19 - 23 + 30*a + 20*a + 61. Suppose -2*x = -7*x - 2*j + 66, 4*x = 5*j + 66. Is m(x) composite?
False
Is (-1779*(-20)/(-45))/((-2)/3*1) a prime number?
False
Suppose 3*a - 434 = 406. Suppose 4*t = -0*k - 2*k + a, -2*k - 2*t = -274. Suppose -7*q = -5*q - k. Is q a prime number?
True
Suppose -5*p + 3*i = -191720, 4*i = 3*p + 2*p - 191720. Let b = p - 21275. Suppose 21697 = 5*g + 5*l + 4612, 0 = 5*g - 3*l - b. Is g composite?
True
Suppose -47*f + 42*f + 739455 = 0. Is f composite?
True
Let g(y) = -73*y**3 + 6*y**2 + 7*y + 2. Let f be g(-3). Is f - (2 - (-2 + 7 - 4)) a composite number?
True
Let g(f) = 3109*f**2 + 153*f + 13. Is g(-6) a prime number?
False
Let k = -939495 - -632363. Is (6/(-4) + 2)/((-14)/k) composite?
True
Suppose -11*x + 18*x - 35 = 0. Suppose -x*z = 5*d - 48340, 3*d - 2*d = 2*z - 19351. Is z a prime number?
False
Let t be (-2)/(-4) - ((-20055)/14 + 0). Suppose 4285 + t = 2*c. Is c composite?
True
Suppose 3*p + 18 = 27, -p - 55476 = -3*m. Suppose 4350 - m = -w. Is w composite?
False
Suppose 0 = -4*i + 2*h - 528 + 2222, 3*i - 1265 = -4*h. Is (1 - i)*(-12)/24 a prime number?
True
Let h = -152383 - -299876. Is h composite?
True
Let g = 20976 - 7174. Let t = 44379 - g. Is t a prime number?
True
Let d = 2560 - 3913. Let j = 551 + d. Let n = -473 - j. Is n prime?
False
Let m(z) = -3*z - 18. Let r be m(-4). Let j be (r - -1 - -6)*-2*1. Is (-3134)/(j/2*2) a composite number?
False
Let f = -226605 + 379852. Is f a composite number?
False
Suppose -208*i - 1099809 = -217*i. Is i a composite number?
False
Let w = -47609 + 14814. Let x = w + 76972. Is x composite?
True
Let r(g) = -23*g**2 + 4*g - 19. Let m be r(7). Let t be 1 + m + (-2)/(-4)*-2. Let z = t + 2241. Is z composite?
False
Suppose 19*l + 10*l - 116 = 0. Let j = 2 - -3. Suppose 3403 = j*n - 3*k, l*n - 1350 = 2*n + 4*k. Is n a composite number?
False
Let w = 3081 - 2029. Suppose 0 = 247*q - 257*q - 4650. Let c = q + w. Is c prime?
True
Suppose -q + 24 = q - 5*k, 0 = 5*k - 20. Suppose -q*i + 60*i - 638818 = 0. Is i composite?
False
Suppose -6*p + 5*p + 4 = 0. Suppose -p*i - 3*t = -0*i - 17459, 4*i - 17471 = t. Let s = i + -2428. Is s a composite number?
True
Let t(i) = 2204*i**2 + 16*i + 15. Is t(-1) a composite number?
False
Suppose -1126843 = -16*o + 5*o - 158942. Is o prime?
True
Let g(t) = 2*t**2 + 13*t - 30. Let s(z) = -z**2 - 13*z + 29. Let y(p) = 6*g(p) + 7*s(p). Let a be ((-42)/(-49))/(3/28). Is y(a) a composite number?
False
Let m(c) = -c**2 + 18*c - 12. Suppose 0 = 8*x - 3*x - 330. Let y = -53 + x. Is m(y) a prime number?
True
Suppose -5*x - 233 = -4*y - 46, -2*x - y - 80 = 0. Let f = -30 - x. Suppose -f*b = -6*b - 795. Is b a prime number?
False
Let i be -7 + 1 + (-12 - -28333 - -10). Suppose -2*x + i = 23*x. Is x composite?
True
Let i(b) = 82*b**2 - 2. Let r be i(2). Let y(a) = a**2 - 18*a + 37. Let z be y(2). Suppose -z*g + 279 = -r. Is g a composite number?
True
Suppose 0 = 3*a - 26 - 19. Suppose w + 1 = a. Suppose w*g - 8*g - 654 = 0. Is g a prime number?
True
Suppose 4*w - 5*w + 9 = 2*s, s - 2 = 0. Let n be 3 + 5/w - -382. Let x = 913 - n. Is x composite?
True
Let z = 250695 + -102032. Is z a composite number?
False
Let d be 4/10*20/(-8). Let r be d + 2*(2 + (-6)/4). Suppose -2*l + r*v - 4*v = -1046, 0 = v - 3. Is l a prime number?
False
Let b(f) = -121*f**2 + 90*f - 42. Let i be b(-15). Let h = -13694 - i. Is h composite?
False
Let n = 745 - 743. Let x(y) = y - 1. Let o be x(1). Is 57 - (n - (-2 + o - -2)) composite?
True
Suppose 0 = -14*c + 11*c + 2586. Let m = -184 + -419. Let b = m + c. Is b a composite number?
True
Suppose 13*l = 24*l - 17765. Let v = l + -780. Is v composite?
True
Is 1009/(3/(-692)*(-196)/147) a prime number?
False
Is 1*28/(-7) + 2 - -50443 prime?
True
Is (43/(-258) + 87710/12)*1 a prime number?
True
Let r = -346 + 348. Suppose -2*j = -4*j + 2*a + 4260, 2127 = j + r*a. Is j composite?
False
Let t be (-1 - 1)*((-6)/2 + 2). Suppose d - 7*w = -2*w + 4, -2*d = -t*w. Is -2 + d + 182 - -4 a composite number?
True
Let q(g) = -g**3 + 15*g**2 - 7*g + 44. Suppose 0 = x - 3*d - 20, -28 = -3*x - 4*d + 6. Is q(x) a prime number?
False
Let i = 324 - -111. Let n be (3 - (-5 + 5)) + i. Let u = n - -191. Is u a prime number?
False
Suppose w + 19627 = 2*q, 3*q + 2*w + 14982 - 44426 = 0. Is (q/(-8))/((3/12)/(-1)) prime?
False
Let v = 207854 + -87103. Is v prime?
False
Let m be (10 - 4) + (-8 - -1564). Let p = -989 + m. Is p a prime number?
False
Suppose 0 = -40*d + 194729 + 36351. Is d a composite number?
True
Suppose -4*h = -3*k + 9366, -2*k - 7961 = 4*h + 1415. Let f = 4610 + h. Is f prime?
True
Let f(o) = o**3 + 15*o**2 - 31*o - 22. Let a be f(-17). Let j = 78 + a. Is j/(4 - -1) + 484 composite?
True
Let r = -512 + -202. Let a(i) = -101*i**2 + 4*i + 1. Let h be a(-4). Let c = r - h. Is c a composite number?
True
Is ((-20)/60*4306017)/(-1) composite?
False
Suppose -2*m - 432 + 442 = 0. Is 24451 - ((-7)/(-7) + m) a composite number?
True
Let g(b) = -14 + 8*b + 5 - b**2 - 7 - 9*b**2 + 5*b**2 + 1104*b**3. Is g(3) a prime number?
False
Suppose -h - 337 = -r, 4*r = r - 2*h + 1026. Suppose -f - 3*f + r = 0. Suppose f = -4*y + 2849. Is y composite?
False
Is 528/96*7934/11 a composite number?
False
Let m(a) = -5*a - 18. Let x be m(-4). Suppose 31555 = f - x*o, -o = 3*f - 53658 - 41007. Is f a composite number?
True
Let s(h) be the first derivative of 37*h**3/3 - 23*h**2/2 - 29*h + 19. Is s(-15) composite?
False
Let x(f) = 51*f**2 - 40*f + 267. Is x(-22) a composite number?
True
Let v be (0 - -4)*(-30)/(-40). Is (7909/(-22))/(v/(-42)) composite?
True
Suppose g = -5*r + 952, -6*r = 4*g - 2*r - 3728. Suppose 0 = 3*d - 171 - g. Let h = d + 13. Is h a composite number?
False
Let g(h) be the first derivative of -231*h**2 + 91*h + 85. Is g(-14) a composite number?
True
Is (-31 - (-2401464)/(-48))*2*-1 a composite number?
True
Suppose -a - 4*d = 5, -3*a + 0*a + 5*d + 19 = 0. Suppose -4206 = -3*v + a*l, 2*v - 4473 = 4*l - 1659. Is v a composite number?
True
Let h(r) = 115*r**2 - 9*r - 233. Is h(21) prime?
False
Let c = -136 + 139. Suppose 0 = -c*o - 2*o + 3*d + 8365, -6692 = -4*o - d. Is o prime?
False
Let n(t) = 4468*t - 12605. Is n(7) composite?
False
Is (-506028)/((-48)/12)*((-8)/(-6) + -1) a composite number?
False
Let w = 10777 - 6408. Let s = w - 423. Is s prime?
False
Let f be 204/(-16) - (2 + (-44)/16). Let q(g) 